(g) = -g**3 - 11*g**2 + g - 3. What is the hundreds digit of w(-12)?
1
Let a = -18 + 21. What is the units digit of (-260)/(-10) + 1*a?
9
Let t = -3 - 3. Let r(m) be the second derivative of -m**3/3 - 7*m**2/2 + 2*m. What is the units digit of r(t)?
5
What is the tens digit of (-11 + -55)*1/(-2)?
3
Suppose 0 = d + 26 - 47. What is the units digit of d?
1
Let z be (-3)/9 + 14/6. Suppose -z*j + 24 = -4*f - 0*f, j = -4*f - 12. What is the units digit of (3/(-5))/(j/(-20))?
3
Suppose 0 = -3*m - 2*m - 80. Let n = 4 + m. What is the units digit of (4*1)/(n/(-30))?
0
Let q(p) = p**2 + 6*p - 8. Let u be q(-6). Let v be (-2)/8 + 78/u. Let r = -2 - v. What is the units digit of r?
8
Let b(a) be the second derivative of a**4/12 + 5*a**3/6 + a**2 + 2*a. What is the units digit of b(-5)?
2
Suppose 5*o - 32 = 4*o. Suppose -o = -3*z + t, -8*z + 3*z = -4*t - 58. What is the units digit of z?
0
Let v = 8 + -7. Let h be v/(0 - 1/(-8)). Suppose -64 = -h*u + 4*u. What is the tens digit of u?
1
Suppose z + 0*h + 3 = -h, -5*z - 33 = -h. Let d = z - -6. Suppose d = 3*f - 2*f, 4*s - 88 = -3*f. What is the units digit of s?
2
What is the units digit of (-2)/(-4)*(87 + -1)?
3
Suppose -5*o + 5*z = -3*o - 87, z = -3. What is the tens digit of o?
3
Let s(l) = 2*l**3 + 3*l**2. Let h be s(-2). What is the units digit of (h/(-10))/(7/385)?
2
Let g(f) = -68*f + 13. What is the units digit of g(-5)?
3
Suppose 5*l + 6 + 23 = b, -3*b = -4*l - 32. Suppose 4*f - 104 - b = 0. What is the tens digit of f?
2
Let d = -3 - -20. What is the units digit of d?
7
Let z = 29 - 11. Suppose -z = 3*o - 0. Let i(g) = g**3 + 5*g**2 - 8*g - 8. What is the units digit of i(o)?
4
Let l = -53 - -92. What is the tens digit of 2/13 + 384/l?
1
Let a(r) = -r**3 - 3*r**2 - r - 7. What is the tens digit of a(-5)?
4
Let h be (-2)/(3/9 - 1). Suppose 7*f - h*f - 44 = 0. What is the tens digit of f?
1
Suppose -b = -2*c + 13, -c - b - 2*b = -17. Suppose 2*r - c = 4. What is the units digit of r?
6
Suppose -x = 4*x - 95. What is the tens digit of x?
1
Suppose 5*x - 2*h - 3 = 2*h, -4*x - 4*h + 24 = 0. What is the units digit of 3/(-9) - (-88)/x?
9
Let k = -42 + 90. Let b be (-4)/(-22) + 2/(-11). Suppose -k = -b*c - 4*c. What is the units digit of c?
2
Let b(m) = -1 + m**2 - 4*m + 3 + m. What is the units digit of b(3)?
2
Suppose 8*g - 3*g - 400 = 0. Suppose -k = 3*k - g. What is the units digit of k?
0
Suppose -3*x = -f - 7, -2*f + 8 = 5*x - 0*f. Let r = 10 - x. What is the units digit of r?
8
Suppose 525 - 85 = 8*n. What is the units digit of n?
5
Let b = 9 + -6. Suppose -l = 3*l, 4*l = -b*i + 72. What is the units digit of i?
4
Let r(x) = -x**2 + 3. Let h be r(0). Suppose -5*c + 27 = 2*o, -c - h*c - 5*o = -8. What is the units digit of c?
7
Suppose 5*j = -4*h - 15, 2*j + 23 = -5*h - 0*h. Let r(i) = -i**3 - 5*i**2 - 2*i + 1. What is the units digit of r(h)?
1
Suppose 0*n = 4*t - 4*n - 8, -3*t + 4 = -5*n. Suppose 0*k = -t*k + 36. Suppose y = 4*q - 20, q + k = 5*q + y. What is the units digit of q?
4
Suppose -5*c + 1059 = -86. What is the tens digit of c?
2
Let j(k) = k**2 + 8*k - 4. Let o be j(-9). Suppose -2*t = 3*i - i + 4, -o*t + i = -8. What is the units digit of t?
1
Let n = -1 - -3. Suppose -2*y - 11 = -0*i - i, n*i - 3*y = 18. Suppose -o + 13 = i. What is the tens digit of o?
1
Let w be 3/5*(-3 + 8). Suppose w*n - n + 5*d = 20, 4*d = -2*n + 20. What is the units digit of n?
0
Let h(l) = -13*l - 6. What is the tens digit of h(-6)?
7
Let q(v) = -v**3 + 7*v**2 - v - 6. What is the tens digit of q(6)?
2
Let x(o) = 3*o + 5. Let c(i) = 7*i + 11. Let f(j) = -2*c(j) + 5*x(j). Suppose 4*a = 8*a - 16. What is the units digit of f(a)?
7
Let n = 11 + 1. Suppose 0*q - n = 3*q. What is the units digit of (0 - q) + 2/1?
6
Suppose 2*v = 3*v + 2*r - 60, -r = 5*v - 264. What is the tens digit of v?
5
What is the units digit of (3 - (4 - -9))/(1/(-4))?
0
Suppose 7*v - 5*v = 16. Suppose -3*g = -g - 10. Suppose -22 - v = -g*k. What is the units digit of k?
6
Let q(h) = -7*h**2 - 2*h - 1. Let a be q(-1). Let l = a - -6. Suppose -2*j - 2*j + 4*y + 16 = l, -j = -4*y - 7. What is the units digit of j?
3
Let s be ((-2)/3)/(2/(-291)). Suppose -4*r = f + s, 4*r + 3*f + 77 = 6*f. Let a = -15 - r. What is the units digit of a?
8
Let b = -111 + 132. What is the tens digit of b?
2
What is the tens digit of (24/15)/((-2)/(-60))?
4
Suppose -55 + 449 = 2*h. What is the tens digit of h?
9
Suppose 0 = -3*m - 0*m + 3*q + 6, 4*m + 17 = -q. Let t = m - -4. What is the units digit of t?
1
Let i(h) = -h**3 + 11*h**2 + 3. Let d be i(10). Let q = d - 66. What is the tens digit of q?
3
Suppose -j = 3*r, 2*r = -8 + 2. What is the units digit of j?
9
What is the tens digit of (2 - 35/5) + 286?
8
Let r(p) = 15*p**2 - 30*p - 6. What is the hundreds digit of r(5)?
2
Let u(o) = 2*o**2 + 7*o + 16. What is the units digit of u(-8)?
8
Let p(d) = d**3 - 4*d**2 + 4*d - 2. What is the tens digit of p(4)?
1
Suppose -3*m - 2*m - 38 = -2*d, d - 4*m = 22. Let z = d + -9. What is the units digit of z?
5
Let s(n) = -6*n - 14. What is the tens digit of s(-20)?
0
Let l be ((-6)/(-9))/(4/(-6)). Let i = 3 - l. Suppose n = 3*z - 8, 3*z - 14 = -i*n + 8*n. What is the units digit of z?
2
Suppose -19 = 5*l + x - 149, 4*l - 4*x - 104 = 0. Suppose -4*i + 36 = z, -l + 6 = 5*z. What is the tens digit of i?
1
Suppose 19 = -2*r - 2*r - 5*f, 4*r - 2*f = -26. Let k = 8 + r. Suppose 0*u = -k*u + 16. What is the units digit of u?
8
Let z(c) = -c**3 + 2 - 3*c**2 + 6 - 4 - 2 + 3*c. What is the units digit of z(-4)?
6
Suppose 5 = 3*h + 2*h. What is the units digit of (h + (-1 - -11))*1?
1
Let b(o) = 13*o + 41. What is the hundreds digit of b(10)?
1
Let a = 207 + -125. What is the units digit of a?
2
Suppose 2*s - 25 = -15. Suppose h + 4*h + 1 = 2*z, 11 = 5*h + 2*z. Suppose -b + s = -h. What is the units digit of b?
6
Suppose 481 = 4*d + y + 4*y, y - 596 = -5*d. What is the tens digit of d?
1
Suppose 0 = t - 3 - 1. Suppose -g = -0*g - t, -4*g + 12 = o. What is the units digit of (2/(-4))/(o/56)?
7
Let m = -3 - -3. Suppose 0 = -2*w - 5*y - 4, m = 3*y - 11 + 5. What is the units digit of (-4)/14 - 9/w?
1
Let v = -181 + 323. Suppose -3*q + 3*t + 123 = 0, 4*q = -2*t + v + 4. Let o = -23 + q. What is the units digit of o?
5
Let n(d) = -18*d - 33. What is the units digit of n(-7)?
3
Let d(r) = -3*r + 6. Let l be d(4). Let q = 5 + l. What is the units digit of (-12 + 1 + 3)/q?
8
Suppose -11 - 40 = -3*r. What is the tens digit of r?
1
Suppose 0 = -4*g + 20. Suppose 4*j - 34 = -2*w, -w = -0*j + g*j - 2. What is the tens digit of w?
2
Let s(c) = c. Let f be -1 - (-7 + 1/1). Suppose -2*i + 7 = -f. What is the units digit of s(i)?
6
Let a(s) be the second derivative of -s**4/12 - 5*s**3/6 - 5*s**2/2 - s. Let c be a(-5). Let z = -3 - c. What is the units digit of z?
2
Suppose g + 4*g = 95. What is the tens digit of g?
1
Let n = 17 - 14. Suppose 0 = n*g - 4*g + 5. What is the units digit of g?
5
Let i be 3/6 - (-9)/6. Suppose 5*f - 27 + 8 = -i*d, -4 = -2*f + d. Suppose f*j - 5 = 4. What is the units digit of j?
3
Let c(k) = k + 5. Let l be c(-5). Suppose l = -5*t + 2*t + 3. What is the units digit of ((-3)/9)/(t/(-3))?
1
Let p(m) = -7*m + 1. Let n be p(-2). What is the tens digit of n*-3*(-16)/60?
1
Suppose 572 = 7*g - 3*g. What is the tens digit of g?
4
Let b be -4 + 1 + 2 - -16. Suppose -95 + 40 = -2*i + 5*u, 0 = -3*u - b. What is the units digit of i?
5
Let u be 14/4 - 3/6. Suppose 0 = 2*g - f - 1, 2 = 5*g - u*f - 1. Suppose -o - 5*a + 27 = 0, -5*o + 2*a + 28 - 1 = g. What is the units digit of o?
7
Let m(q) = q**2 + 6*q - 2. Let r be m(-7). Suppose -r - 1 = -3*f. What is the units digit of f?
2
Let l(j) = j**2 + 4*j - 3. What is the units digit of l(-7)?
8
Let y = 2 - 0. Let q be -1*(y + -4 + -1). What is the units digit of ((-4)/2)/(2 - q)?
2
Let c(d) = 14*d + 5. Let j(t) be the second derivative of -5*t**3/6 - t**2 - t. Let p(m) = -6*c(m) - 17*j(m). What is the units digit of p(3)?
7
What is the units digit of (-4 - 33/(-9))*-39?
3
Let r(l) = -2*l + 9. Let d be r(6). Let f be -1 - -2 - d/1. Let g(w) = -w**2 + 8*w - 5. What is the units digit of g(f)?
1
Let p = 2 + -30. Let d = p - -65. What is the units digit of d?
7
Let o = 29 + -51. Let m(r) = -14*r - 1. Let n be m(1). Let k = n - o. What 